or of y and 18?
9
Let m = -13 - -15. What is the greatest common divisor of m and 1?
1
Suppose -3*v + 19 - 46 = -4*s, -2*s = v - 1. Suppose s*b - 4 = -b. Calculate the highest common factor of 1 and b.
1
Suppose -2*v = 5*a - a + 8, 2*v = -a + 1. Let d be (0 - v)*(-10)/4. Let u = d - -1. What is the greatest common factor of 2 and u?
2
Suppose -4*h + 16 = -4. Suppose h*t - 286 = 3*t. Calculate the greatest common factor of 13 and t.
13
Let p(s) = s**3 + 3*s**2 + 4. Let f be (-1 + 0)/((-6)/(-18)). Let w be p(f). What is the highest common divisor of 36 and w?
4
Suppose -135*h + 22 = -133*h. Suppose 4*q + 0*q = 176. Calculate the greatest common factor of q and h.
11
Let m be 1/(-2) + 51/6. What is the greatest common factor of 8 and m?
8
Let d be 0 + (-3 - -6 - 0). Suppose 3*a + 13 = 5*k, 0 = -d*a - 2*a - 5. Let g = k + 2. What is the highest common factor of 1 and g?
1
Let p(v) = -3*v + 1. Let w be p(-3). Suppose 3*y - 40 = -w. What is the highest common divisor of y and 20?
10
Let n(w) be the second derivative of -w**5/20 - 11*w**4/12 + 7*w**3/6 + 3*w**2 + w. Let j be n(-12). What is the highest common divisor of j and 6?
6
Let v be (-20)/(-3) - 4/6. Let p = -87 + 153. What is the highest common divisor of v and p?
6
Let z be -1*((-259)/9 - (-6)/(-27)). Calculate the highest common divisor of z and 87.
29
Let b(y) = 24*y - 4. Let u be b(3). Let o = -151 - -168. Calculate the greatest common factor of o and u.
17
Let g be 770/40 - 3/(-4). Calculate the highest common factor of 8 and g.
4
Let u = -5 + 0. Let y(a) = -a**3 - 3*a**2 + 8*a + 5. Let q be y(u). Calculate the greatest common factor of q and 5.
5
Let a = -4 - -6. Suppose a*d = 17 + 3. Let r(t) = -90*t. Let q be r(-1). What is the greatest common factor of d and q?
10
Suppose 3*v - 35 = -5*z, 0 = -4*v + 3*z + 2*z. Suppose 0*k + 100 = v*k. Let h be 54 + -1 - 3*1. Calculate the greatest common factor of k and h.
10
Suppose 8 = 3*d - 13. What is the greatest common divisor of d and 7?
7
Let h be ((-10)/(-8))/((-2)/(-40)). Let g be (h + 3)/((-2)/(-4)). Calculate the greatest common factor of 8 and g.
8
Let n be 150/39 - (-4)/26. What is the greatest common factor of 68 and n?
4
Let p(l) = 8*l + 4. Let c be p(2). Suppose 5 = 2*t - 95. Calculate the greatest common divisor of t and c.
10
Suppose y - 2*y + 4*l + 77 = 0, 2*y = l + 119. Suppose 4*n - 7*n = -y. Calculate the greatest common factor of n and 152.
19
Let n(h) = 6*h**2 - 4*h + 10. Let q be n(4). Suppose -4*i + 2*o - 7*o + 124 = 0, -5*i = -5*o - 200. What is the highest common factor of i and q?
18
Suppose j + 4*y - 83 = 0, 2*j + y - 194 = -j. Suppose -4*t + 0*a + 30 = a, 0 = 2*t + 2*a - 18. Calculate the highest common divisor of t and j.
7
Let a(j) = 13*j**2 - 4*j + 2. Let g be a(2). Calculate the highest common divisor of 23 and g.
23
Let u be 2/6 - (-71)/3. Let s = -193 + 229. What is the greatest common divisor of s and u?
12
Let y be ((-4)/(-3))/(2/3). Let t be 11/y*(-2)/(-1). Calculate the highest common factor of 99 and t.
11
Let m = -131 - -137. Let w(d) = -2*d**3 + 2*d. Let b be w(-3). What is the highest common divisor of b and m?
6
Let z be 3/2 - (-147)/14. Let p = -36 + 54. Calculate the greatest common divisor of z and p.
6
Let v(n) = n**2 + 3*n + 2. Let q be v(3). Suppose 2 = -0*y + y. Suppose -3*k = y*k - 300. What is the greatest common divisor of k and q?
20
Let j be (1 - -3) + (2 - -4). What is the highest common factor of j and 6?
2
Suppose 2*p = 5*l + 105, 2*p + 9 = -l - 24. Let j = 33 + l. What is the greatest common factor of 25 and j?
5
Let z be 3/(-12) - (-436)/16. What is the greatest common factor of 18 and z?
9
Suppose 2*f - 329 = i, -4 - 21 = 5*i. Calculate the greatest common divisor of f and 18.
18
Suppose 4*s = 5*u - 65, 4*u + s - 4*s - 53 = 0. Suppose -5*f + 13 = -u. Calculate the highest common divisor of 9 and f.
3
Let u = 73 + 215. What is the greatest common factor of 36 and u?
36
Let q(z) = -z**2 - 16*z - 20. Let f be q(-12). What is the highest common factor of f and 16?
4
Suppose 0 = -3*t + 2*a - 0*a + 37, 0 = -4*a - 20. Let p(h) = h**2 - 8*h + 10. Let g be p(t). Let n = -4 + g. Calculate the greatest common divisor of 5 and n.
5
Let t = 4 - 1. Suppose 2*s - 30 = -t*x + 5*s, 3*x + s = 46. Let p be 1 + -1 + 3 + -1. What is the highest common factor of p and x?
2
Let q be (732/16)/(6/16). Suppose p + 4 - q = 0. Let g = p - 82. Calculate the greatest common divisor of 6 and g.
6
Let s = -4 + 6. Suppose 0 = 4*n - 1 - 11. Calculate the greatest common divisor of n and s.
1
Let l be 3 - 2/(-4)*2. Suppose -l*f + 32 = -2*p, -p + 66 = 5*f + 19. What is the highest common divisor of 45 and f?
9
Suppose 5*v = -3*c - 19 - 10, 3*v = -4*c - 35. Let x(d) = d**2 + 5*d - 6. Let p be x(c). What is the highest common divisor of 9 and p?
9
Let q = -11 + 20. Calculate the highest common factor of 6 and q.
3
Suppose -l + 75 = -0*l. Suppose 2*g + 2*g = 12. Suppose -g*b + b = -60. Calculate the highest common divisor of b and l.
15
Suppose 3*m + 3*d + 82 = m, 5*d + 20 = 0. Let a be 920/14 + (-10)/m. Let r be 4/(a/(-34) - -2). Calculate the greatest common divisor of 17 and r.
17
Suppose f + 48 = 4*f. Let t = 20 - -4. What is the highest common divisor of t and f?
8
Let x = 100 + -95. What is the greatest common divisor of 25 and x?
5
Let z be 2/(-8) - (-74)/8. Suppose a = -4*a + 30. Let c be ((-4)/a)/(3/(-27)). What is the highest common factor of z and c?
3
Let n(a) = a**3 + 4*a**2 - a - 1. Let s be 0/2 + (-5 - 10). Let h be 1 + 2*s/6. Let r be n(h). What is the highest common factor of r and 12?
3
Suppose -5*v + 1130 = 5*i, 4*v - 5 = -v. What is the greatest common factor of i and 25?
25
Let l(j) = 6*j - 2 + 2*j - 10*j. Let c be l(-5). Suppose -4*z + 40 = c. What is the highest common factor of z and 88?
8
Suppose 6*r - 25 = 5*r. What is the highest common factor of 10 and r?
5
Let v(y) = -10*y - 48. Let f be v(-5). What is the highest common divisor of f and 38?
2
Let y = 53 - 41. Let a be (-2)/9 - 5950/(-45). Calculate the greatest common factor of a and y.
12
Suppose 0 = 4*w + 3*c - 4 - 5, -2*c + 1 = w. Let o be 6 - -6*3/6. Calculate the highest common factor of o and w.
3
Let r = 40 - 28. Calculate the highest common divisor of 24 and r.
12
Suppose 4*h - 101 = 11. Suppose 6*v - h = 4*v. Calculate the greatest common factor of 112 and v.
14
Let z = -10 - -13. Calculate the greatest common divisor of z and 9.
3
Suppose -m = -15 - 29. Suppose m = 2*n - 22. Calculate the highest common divisor of 3 and n.
3
Suppose 0 = -2*y + 11 - 5. Suppose -5*g + 2*f = -2*f - 271, -4*f = -y*g + 161. Calculate the highest common divisor of g and 5.
5
Let j = -132 + 165. Calculate the highest common divisor of 165 and j.
33
Suppose 3*k = -19 + 94. What is the highest common divisor of 275 and k?
25
Suppose -2*p - 4*m + 3*m = -65, -4*p + 105 = -3*m. What is the greatest common factor of p and 20?
10
Let b = 85 - 9. Let k be (2 + -40)*(-2)/4. Calculate the greatest common factor of k and b.
19
Let w = 16 + -6. Let c be 8/(-20) - (-134)/w. Let g = -82 + 121. What is the greatest common divisor of c and g?
13
Suppose -4*b + 3*i = -16 - 21, -2*b = 4*i - 2. Let h(k) = -4*k - 5. Let x be h(-3). Calculate the greatest common divisor of x and b.
7
Let j(k) = 2*k + 16. Let x be j(-7). Suppose -f = -o - 83, 4*f - x*f = -5*o + 201. Calculate the highest common factor of f and 8.
8
Let k = -15 + 18. What is the highest common factor of k and 3?
3
Suppose -30 = -5*p + 5*y, 0 = 2*p - 3*y - 2*y - 24. Suppose p*m + 2 = 18. Let l be 24*3/12*2. What is the greatest common factor of m and l?
4
Suppose 2*t - 8 = -4*v, 4*v = -t - 0 + 4. Calculate the greatest common factor of 2 and t.
2
Suppose -5 - 10 = 3*s. Let f = -3 - s. Suppose j + f*j = 156. What is the highest common divisor of 13 and j?
13
Let w be 69/5 - 3/(-15). What is the greatest common factor of 21 and w?
7
Let s be (-7 - (-4 - -4))*-2. Suppose 0*w - 28 = -w. What is the greatest common factor of w and s?
14
Let g(j) = -27*j. Let t be g(-3). Calculate the highest common divisor of t and 27.
27
Let u(t) = t**2 + 6*t + 2. Suppose 2*q - 24 = 4*y, -y = 2*q + 12 - 1. Let p be u(y). Calculate the highest common factor of 36 and p.
9
Suppose 14 = w - 0*w. Calculate the greatest common factor of